
6 + -20 + 15 + 1 - -8
10
What is the value of 1 + 3 - (-11 - (8 - 24))?
-1
Calculate 62 + -70 + (-7 - (-5 + 0)).
-10
Calculate 1 + 2 + (11 - -12 - 11).
15
What is -3 + 7 + -3 + -10?
-9
What is the value of -1 - -49 - 23 - 15?
10
Evaluate (-2 + (2 - 3) - 40) + 1169 + -1164.
-38
What is (1 - 1 - (-114 + 99)) + -2?
13
What is the value of 43 - 33 - ((-5 - -2) + 1 - -5)?
7
What is the value of -146 + 163 - (10 - -1)?
6
Calculate 0 - -3 - ((32 - 12) + -11).
-6
Calculate -15 + 12 + (-3 - -2) + 8 - 2.
2
Evaluate 0 + (2 - (-4 - 0)) + -15 + 3.
-6
Calculate (-5 - -6 - -3) + 8 + -6.
6
Calculate (-5 - -16 - 16 - -9) + (1 - -4).
9
78 - 52 - (-1 + 44)
-17
What is the value of -2 + -2 + -2 + (18 - (5 - 2))?
9
(16 - (10 + 8 - 7)) + (0 - -21)
26
What is the value of -19 - (-1 + -33 - -49)?
-34
(5 - 20) + 7 + (-4 - (5 + 8))
-25
Evaluate 0 + -2 - (-17 + (4 - (-3 - -3))).
11
Calculate 15 + (-36 - -10) + -7 + 0.
-18
What is (35 - (14 + -19 + 9)) + (-2 - -2)?
31
Evaluate -21 - (-10 + -4 + 0).
-7
What is (-2 - -1) + (8 - (-18 + 19))?
6
Evaluate 8 - ((-4 - -6) + (0 - 1) + -3).
10
What is the value of -6 - -5 - (-10 + 8 + -10)?
11
Evaluate 13 - (15 + (-24 - (26 + -20))).
28
20 + -12 + (12 - 5) - -1
16
What is (-15 - 2 - -25) + (2 - (-1 + -7))?
18
What is the value of (17 - (-10 - -20)) + (3 - 2)?
8
(-31 - -63 - 17) + -7
8
(-4 + -1 + -3 - (-35 + 4)) + 0
23
(11 + (-7 - -6) + -4 - 8) + -16
-18
Evaluate (3 - 4) + (-8 - -1) - (163 + -171).
0
Calculate -32 - ((8 - (18 + -6)) + 3).
-31
What is -10 - 30 - (16 - 44)?
-12
What is the value of 19 + -5 - (25 + -18)?
7
(17 - 19) + 5 + (-5 - 11)
-13
Evaluate 6 + -1 + (-60 - -53) - -10 - 35.
-27
What is 7 + (1 - -6 - (11 - 3))?
6
6 - ((8 - 11) + 7)
2
What is (-5 + 4 - -1) + -8 - 1?
-9
Calculate 303 - 328 - (-6 - 47).
28
Evaluate -2 + -15 + (-13 - -19).
-11
(12 - 15 - -6) + (-2 + 1 - 1)
1
Calculate (-3 - -12 - 22) + -10 + 20.
-3
Calculate 37 + -18 - (53 - 24).
-10
What is (6 - -1) + -4 + -15?
-12
-12 + 33 + -60 - (-1 + -6)
-32
Evaluate 3 + (3 - (6 + 17 + -4) - -5).
-8
19 + (-50 - -21) - (0 + 12)
-22
-63 + 60 + 3 + (-1 - -2)
1
What is 1 + (0 + -21 - -8)?
-12
Evaluate (1 + (-24 - 10) - 0) + (-2 - -11).
-24
What is 7 - -1 - -5 - (2 - (7 - -3))?
21
Calculate 7 - (32 + -21 + 7).
-11
Calculate -25 + (-13 - -31 - 14).
-21
Calculate 3 + (1 + -2 - (-3 + 3)).
2
What is the value of -13 - (2 + -30) - 29?
-14
What is the value of -3 - -5 - (4 - 2 - (3 - -8))?
11
Evaluate 1 + 0 + -159 + 149.
-9
Calculate 16 - 11 - (-9 - -4 - -15).
-5
What is (-7 - 35 - -27) + 44 + 0?
29
(9 - 15 - -14) + (-1 - (2 + -5))
10
What is the value of 3 + (-4 - 0) - (-12 - (5 + -6))?
10
Calculate -4 - (11 - (8 - -9 - 21)).
-19
Calculate (1 - 1) + -11 + 9 + (1 - -4).
3
What is the value of (2 - -1) + 55 + (-16 - 35)?
7
What is the value of -8 - (-16 + 6 + 11)?
-9
What is (17 - 3) + -14 + -1 + 2 + 1?
2
Calculate 4 - (-2 + (-1 - (-16 + 3 + 4))).
-2
3 - (-28 - -8 - -17)
6
What is the value of 2 - (-1 - -25 - (-4 + 7 + 7))?
-12
Evaluate -33 + 25 + -4 + 2 + 25.
15
What is the value of (-1 - -7) + -24 + 30?
12
What is the value of (13 - 21) + 6 + 22?
20
What is -18 + 25 + (3 + 0 - 1 - -2)?
11
43 + -21 + (-22 - 3)
-3
Evaluate 4 - (3 - 2) - (-24 + 70 - 17).
-26
What is 50 - 46 - (-6 + -1 + 2)?
9
What is 65 + -77 - (1 + 1)?
-14
What is the value of 0 + (12 - 1) + -22?
-11
What is the value of (-19 - (35 + -19)) + 16?
-19
Evaluate -8 - (18 + -12) - (-7 - (0 - 1)).
-8
Calculate (-10 - -4) + 13 - (0 + -7 - 0).
14
Calculate -1 + -8 - (24 + -21 + -21 - -9).
0
What is the value of -3 + -3 + 2 + -7 + 0 + 4?
-7
What is (-31 - -19) + 12 - 10?
-10
What is (-36 - -8 - 8 - (-16 + 24)) + 10?
-34
What is the value of (6 - 10) + -20 + 19?
-5
Calculate 2 + 5 + -8 - (-2 + 3).
-2
Evaluate 83 + -96 + 6 + 0 - -40.
33
What is -5 - (-30 + 0 + 12 + -5)?
18
17 + 2 - (-5 + 11 + 6)
7
30 + -7 + -1 + (10 + 6 - 15)
23
What is the value of (-10 - (0 - 13 - -2)) + -4?
-3
Calculate (15 - 0) + -6 + -18.
-9
What is 0 - (8 - (10 + 5 + -3 + 0))?
4
What is the value of 5 + -17 + 3 - (26 - (-2 - -9))?
-28
What is -11 - ((2 - (1 - 2)) + 8 + -13)?
-9
(30 - 52) + (15 - 13)
-20
Evaluate -5 + -17 + (1 - -3) + (25 - 27).
-20
What is the value of -12 - (-33 - -24) - ((-1 - 7) + 1)?
4
Calculate 12 + (-39 - -17) - 2.
-12
Evaluate 34 - 35 - (26 - 8).
-19
Calculate 1 + 47 + -544 + 479.
-17
5 - (8 - -15) - 0
-18
What is 1 + 14 + -7 + 6 + 10?
24
Evaluate 0 + -11 - (-80 + 71).
-2
Evaluate 0 + -7 - (-7 - -12).
-12
Calculate (-10 - 3) + 14 + 14 + -22 + 16.
9
What is 2 - (13 + -2) - (-20 - (17 - 40))?
-12
What is -5 - 20 - -14 - -13?
2
What is -39 + 38 + 0 + -2 + 10?
7
What is the value of 2 + 0 + 10 + (6 - 8) + -3?
7
Evaluate 10 + 9 - (-27 - -27).
19
35 - 1 - (5 - (47 + -61))
15
Calculate -7 - ((28 - 68) + 31).
2
What is 7 + (7 - 6 - 7) - (-3 + -5)?
9
Evaluate (-1 - -2 - (76 + -89)) + 1.
15
Calculate 29 - (6 - (-25 + 4)).
2
What is (4 - 1) + (18 + 24 - 57)?
-12
What is -14 + -3 + 17 + (2 - 7) - -7?
2
(-7 - 1) + -47 + 58
3
Evaluate -1 + -13 + 16 - 4.
-2
Evaluate -4 + 12 + -5 + (-10 - -8 - -5).
6
Evaluate 19 + 1 + -2 + (-9 - (-14 - -10)).
13
What is the value of 81 + -82 - (1 - (-2 + 4))?
0
Evaluate 0 - (2 + -4) - -6 - 18.
-10
What is the value of (1 - (2 + 3)) + 2 + -6 - 21?
-29
((-12 - -3) + 6 - -26) + 4 + -4
23
14 + -5 + -12 - 9
-12
Evaluate 8 + -15 + -9 + 12 + -18.
-22
What is the value of 0 + (-1 + -6 - -16 - (-2 + 4))?
7
Evaluate (-22 - -13 - -5) + 9.
5
Evaluate (-11 + 30 - 20) + 7.
6
Evaluate 27 + -73 + (10 - -12).
-24
What is -8 - (8 + (-17 - -2)) - 10?
-11
Calculate -6 - ((2 - 12) + (-52 - -47)).
9
What is the value of -465 - -472 - (0 + 1 + 7)?
-1
Calculate 0 - (18 + -32 + 24).
-10
0 + 13 + (-9 - (-30 - -23))
11
Calculate -19 + (15 + 0 - -15).
11
What is 1 + -22 + 3 + -1?
-19
What is the value of -2 + -18 + 2 + 12 + (14 - 25)?
-17
What is the value of 5 - (-9 + (0 - (-13 + 3)))?
4
What is the value of -5 + 8 - (-20 - (1 + (4 - 9)))?
19
Calculate 3 - (-13 - (-44 + -1)).
-29
Calculate (7 - (14 - (-9 + 15))) + 14.
13
-9 + (-9 + -3 - (-82 - -75))
-14
Evaluate -5 + (-11 - -1) + 8.
-7
What is -4 - (13 - 14) - -4?
1
Calculate 128 + -119 - ((0 - -3 - 2) + 5).
3
Evaluate (-2 - (-3 + 0)) + (-4 - 5).
-8
(5 - 0) + 224 + -238
-9
Evaluate 46 + -50 - (0 + 0 + -10).
6
What is the value of 13 - (4 - (-12 + 8))?
5
Calculate (7 - 4 - 16) + (-87 - -80).
-20
(-6 - -14) + -8 - (-11 - -1)
10
Calculate 7 + ((-8 - -36) + -21 - (1 + 6)).
7
What is the value of (-1 - 14) + (1 - 8) + 11 + -2?
-13
Evaluate 3 + -17 + (-3 + -6 - -4) + 6.
-13
What is -11 - -7 - -1 - 4 - -4 - -16?
13
(-3 - 2) + 5 + (13 + -14 - -8)
7
Calculate -14 + (23 - -14 - (-1 - -3)).
21
(-39 - -36) + -4 + (-12 - 1)
-20
Calculate (-11 - (-8 + 9)) + 7 + -1 + 11.
5
Evaluate 24 + -10 + 4 + -26.
-8
What is the value of -16 - -38 - (-10 - 0 - -12)?
20
What is 157 + -133 - (2 + (2 - -6))?
14
Evaluate -9 + (-39 - -16 - -43).
11
Evaluate (1 - 30) + (44 - (65 + -29)).
-21
Calculate -3 - (-7 - ((11 + 9 - 11) + -1)).
12
(2 - 22) + 2 - -10
-8
Calculate -15 + -10 + (17 - 5).
-13
23 + (-47 - (-37 + 18))
-5
What is the value of -24 + 16 + 9 - 8?
-7
(-4 + 0 + 3 - -8) + -2
5
Calculate 27 - (53 + -27 + 20).
-19
Evaluate (-9 - -19) + (5 - -2) + -5 + 4.
16
-44 - -30 - (-25 - -1)
10
What is -14 - (5 - 2) - (40 + -21)?
-36
What is the value of 1 + -15 + 5 + -1?
-10
250 + -250 + (1 - -5)
6
(-6 + 10 + -4 + -4 - -7) + 9
12
Evaluate (1 - -10) + 431 + -450.
-8
What is (31 - 3 - -18) + -33?
13
Calculate -2 - -1 - 24 - (4 + (12 - 22)).
-19
What is -21 + (22 - 15) - -25?
11
What is (-2 - -4) + 15 + -42 + 27?
2
Calculate -1 + 10 + (-20 - -17) - 1.
5
What is the value of (2 + 2 - (-83 + 85)) + (9 - -1)?
12
What is the value of -2 - -1 - (-16 - (-15 - -2))?
2
What is the value of (9 - (-6 - -7)) + 2 + 5?
15
Calculate -31 + 1 - (404 - 422 - (-1 - 11)).
-24
What is the value of -4 - ((-5 - -10) + -13 + 6)?
-2
Calculate -2 + 11 - 10 - -14.
13
-6 + 0 + (8 - 10) + -3 + 1
-10
What is the value of -31 + 33 + -4 + (-6 - 15)?
-23
What is -17 - (28 - 56) - (-2 + 45 + 2)?
-34
What is the value of (5 + -6 - (-2 + 4) - -6) + -1?
2
What is the value of -32 + ((12 - 13) + 9 - -7)?
-17
What is (-30 - -17) + 4 + (6 - 3)?
-6
Evaluate (-2 - (-8 - (2 - 2))) + 398 + -387.
17
Calculate -22 + (-9 - -38 - 19).
-12
16 + (-7 + (7 - 2) + 3 -